{"id":2,"date":"2010-02-15T18:43:48","date_gmt":"2010-02-15T18:43:48","guid":{"rendered":"http:\/\/www.mappingbahia.org\/project\/?page_id=2"},"modified":"2010-07-18T16:40:14","modified_gmt":"2010-07-18T20:40:14","slug":"about","status":"publish","type":"page","link":"https:\/\/www.mappingbahia.org\/project\/about\/","title":{"rendered":"About"},"content":{"rendered":"<p style=\"text-align: center;\"><span style=\"font-family: georgia,palatino;\"><span style=\"font-size: small;\"><a rel=\"attachment wp-att-371\" href=\"http:\/\/www.mappingbahia.org\/project\/?attachment_id=371\"><img loading=\"lazy\" decoding=\"async\" class=\"alignnone size-full wp-image-371\" title=\"Santiago do Iguape Household Census Detail\" src=\"http:\/\/www.mappingbahia.org\/project\/wp-content\/uploads\/2010\/07\/census-image-640-by-180.jpg\" alt=\"\" width=\"640\" height=\"180\" srcset=\"https:\/\/www.mappingbahia.org\/project\/wp-content\/uploads\/2010\/07\/census-image-640-by-180.jpg 640w, https:\/\/www.mappingbahia.org\/project\/wp-content\/uploads\/2010\/07\/census-image-640-by-180-420x118.jpg 420w\" sizes=\"auto, (max-width: 640px) 100vw, 640px\" \/><\/a><\/span><\/span><\/p>\n<h3><span style=\"font-family: georgia,palatino;\"><span style=\"font-size: small;\">Project Goals<br \/>\n<\/span><\/span><\/h3>\n<p><span style=\"font-family: georgia,palatino;\"><span style=\"font-size: small;\">Some of the most  important sources for analyzing nineteenth-century Brazilian social  history are  the 1830s regional manuscript censuses.  Created by local justices-of-the-peace by request of the  provincial  governments, these documents recreate households by parish, identifying  the  name, relationship to the head of household, race, age, marital status,  civil  status (free, freed, or slave), place of birth, and occupation of all  the  individuals united in a <em>fogo<\/em>,  literarily hearth, or household.  They are a goldmine for any researcher, allowing analysis of  economic  orientation, the distribution of slave and free labor, spouse selection,   patterns of maternity the possibilities are endless.<\/span><\/span><\/p>\n<p><span style=\"font-family: georgia,palatino;\"><span style=\"font-size: small;\">During my 2003 archival research at the Arquivo P\u00fablico do  Estado da  Bahia, I spent over a month transcribing the 1835 manuscript census for  the  parish of Santiago  do Iguape. Located in the township of Cachoeira,  Santiago  do Iguape was home to many of the  Reconcavo&#8217;s most extensive sugar plantations. Previously,  accessing this vital  information required a trip to Brazil, fluency in Brazilian  Portuguese, paleographic skill, and a high tolerance for tedious work. I hope that making this valuable data  source more readily accessible will be a great contribution to the  scholarly  community.<\/span><\/span><\/p>\n<p><span style=\"font-family: georgia,palatino;\"><span style=\"font-size: small;\">There is a scholarly  divide between scholars of slavery in the United   States, Spanish America, and Brazil  that  originates largely from linguistic training. I  hope that making the Santiago  do Iguape  manuscript census accessible will encourage re-examinations of the  nature of  Brazilian slavery among students and scholars who do not speak  Portuguese and  encourage scholarly dialogue. I  also hope this will be a valuable source for college students, providing   students who do not read Portuguese with the primary sources necessary  to draw  their own conclusions about Brazilian history.<\/span><\/span><\/p>\n<h3><span style=\"font-family: georgia,palatino;\"><span style=\"font-size: small;\">About Santiago do Igaupe Parish<\/span><\/span><\/h3>\n<p><span style=\"font-family: georgia,palatino;\"><span style=\"font-size: small;\">A small but influential network of families who owned the immense sugar plantations ringing the northern Bahian Rec\u00f4ncavo dominated local economic and social life in the nineteenth-century.  These plantations occupied most of the fertile land as well as containing the mill complexes necessary for the transformation of cane into refined sugar.  Such <em>Senhores de Engenho,<\/em> as the mill owners were known, dominated the local social hierarchy by virtue of their social prestige and economic prowess.  This monopolization of resources gave them near total control over those dependent on them for survival. <em> Lavradores<\/em>, sharecroppers who grew cane on <em>Engenho <\/em>lands, came next in the social hierarchy.  Plantations also housed numerous artisans working as carpenters, blacksmiths, and masons as well as the skilled technicians required to transform cane juice into sugar.  The majority of the free population, however, lived on the margins of the sugar plantations growing foodstuffs for plantation residents or working as seamstresses, washerwomen, and fishermen.<\/span><\/span><\/p>\n<p><span style=\"font-family: georgia,palatino;\"><span style=\"font-size: small;\">At the base of a <em>Senhor de Engenho<\/em>\u2019s economic success and prestige was their ability to mobilize free and enslaved dependents as laborers.  In 1835 in the sugar parish of Santiago do Iguape, most residents \u2013 53.7 percent of the population \u2013 were enslaved.  Enslaved men and women dug trenches in the thick mud to plant cane seedlings, hoed the cane shoots under the hot sun, and cut and transported the cane stalks to the mill during the harvest.  Slave life on the sugar plantations was arduous, and the lifespans of enslaved workers short.    Slave deaths outpaced births on Iguape\u2019s plantations, making sugar production directly dependent on a constant influx of enslaved Africans.  Most of the slaves working on Iguape\u2019s plantations in 1835 had been born in Africa.<\/span><\/span><\/p>\n<p><span style=\"font-family: georgia,palatino;\"><span style=\"font-size: small;\">Although slaves comprised the majority of the local population, slaveholding was extremely concentrated: in 1835, only 21.6 percent of Iguape households contained slaves.  A further 15.2 percent contained <em>agregados<\/em>, free dependents linked to landholders by ties of patronage and protection, coercion and necessity.   Rule by an entrenched minority depended on the maintenance of a rigidly defined social hierarchy that privileged European descent, free birth, and masculinity.\u00a0 The detailed attention paid to recording racial category, age, marital status, and occupation in the 1835 census reflect the social priorities of local officials.<br \/>\n<\/span><\/span><\/p>\n<h3><span style=\"font-family: georgia,palatino;\"><span style=\"font-size: small;\">The original of the Santiago do Iguape Household census can be consulted at the State Archives of Bahia in Salvador:<br \/>\n<\/span><\/span><\/h3>\n<p><span style=\"font-family: georgia,palatino;\"><span style=\"font-size: small;\">Arquivo P\u00fablico do Estado da Bahia.\u00a0 \u201cRela\u00e7\u00e3o de Fogos e Moradores da Freguesia de Santiago Maior do Iguape, da comarca da Vila da Cachoeira,\u201d Se\u00e7\u00e3o Provincial e Colonial, ma\u00e7o 6175-1.<\/span><\/span><\/p>\n","protected":false},"excerpt":{"rendered":"<p>Project Goals Some of the most important sources for analyzing nineteenth-century Brazilian social history are the 1830s regional manuscript censuses. Created by local justices-of-the-peace by request of the provincial governments, these documents recreate households by parish, identifying the name, relationship to the head of household, race, age, marital status, civil status (free, freed, or slave), [&hellip;]<\/p>\n","protected":false},"author":1,"featured_media":0,"parent":0,"menu_order":0,"comment_status":"open","ping_status":"open","template":"","meta":{"_monsterinsights_skip_tracking":false,"_monsterinsights_sitenote_active":false,"_monsterinsights_sitenote_note":"","_monsterinsights_sitenote_category":0,"ngg_post_thumbnail":0,"footnotes":""},"class_list":["post-2","page","type-page","status-publish","hentry"],"_links":{"self":[{"href":"https:\/\/www.mappingbahia.org\/project\/wp-json\/wp\/v2\/pages\/2","targetHints":{"allow":["GET"]}}],"collection":[{"href":"https:\/\/www.mappingbahia.org\/project\/wp-json\/wp\/v2\/pages"}],"about":[{"href":"https:\/\/www.mappingbahia.org\/project\/wp-json\/wp\/v2\/types\/page"}],"author":[{"embeddable":true,"href":"https:\/\/www.mappingbahia.org\/project\/wp-json\/wp\/v2\/users\/1"}],"replies":[{"embeddable":true,"href":"https:\/\/www.mappingbahia.org\/project\/wp-json\/wp\/v2\/comments?post=2"}],"version-history":[{"count":20,"href":"https:\/\/www.mappingbahia.org\/project\/wp-json\/wp\/v2\/pages\/2\/revisions"}],"predecessor-version":[{"id":376,"href":"https:\/\/www.mappingbahia.org\/project\/wp-json\/wp\/v2\/pages\/2\/revisions\/376"}],"wp:attachment":[{"href":"https:\/\/www.mappingbahia.org\/project\/wp-json\/wp\/v2\/media?parent=2"}],"curies":[{"name":"wp","href":"https:\/\/api.w.org\/{rel}","templated":true}]}}